it of 1414918?
1
What is the units digit of 1672349?
9
What is the tens digit of 616360?
6
What is the ten thousands digit of 730280?
3
What is the hundreds digit of 256891?
8
What is the millions digit of 8929619?
8
What is the thousands digit of 96608?
6
What is the units digit of 1765209?
9
What is the tens digit of 347696?
9
What is the tens digit of 3666894?
9
What is the units digit of 697692?
2
What is the thousands digit of 334993?
4
What is the hundred thousands digit of 4854375?
8
What is the tens digit of 3276385?
8
What is the hundreds digit of 10633420?
4
What is the ten thousands digit of 125748?
2
What is the units digit of 572791?
1
What is the hundreds digit of 1492702?
7
What is the hundreds digit of 11988?
9
What is the thousands digit of 743718?
3
What is the tens digit of 2391363?
6
What is the thousands digit of 2473207?
3
What is the millions digit of 10109201?
0
What is the tens digit of 7788816?
1
What is the thousands digit of 804403?
4
What is the tens digit of 13131603?
0
What is the tens digit of 1960080?
8
What is the hundred thousands digit of 712761?
7
What is the ten thousands digit of 17697155?
9
What is the thousands digit of 5574183?
4
What is the ten thousands digit of 7806840?
0
What is the thousands digit of 713890?
3
What is the tens digit of 116405?
0
What is the tens digit of 4817685?
8
What is the hundreds digit of 8904502?
5
What is the units digit of 8638970?
0
What is the thousands digit of 49729?
9
What is the units digit of 387235?
5
What is the tens digit of 1024043?
4
What is the hundreds digit of 1594022?
0
What is the thousands digit of 15704077?
4
What is the ten thousands digit of 395730?
9
What is the hundreds digit of 7381489?
4
What is the millions digit of 4498195?
4
What is the units digit of 288335?
5
What is the hundreds digit of 5975658?
6
What is the ten thousands digit of 1009234?
0
What is the ten thousands digit of 876001?
7
What is the units digit of 2094947?
7
What is the hundreds digit of 4141932?
9
What is the tens digit of 38960?
6
What is the hundreds digit of 6871?
8
What is the units digit of 1798100?
0
What is the units digit of 1745819?
9
What is the tens digit of 3296442?
4
What is the tens digit of 1116723?
2
What is the hundreds digit of 866200?
2
What is the ten thousands digit of 31675?
3
What is the ten millions digit of 10843625?
1
What is the tens digit of 457586?
8
What is the millions digit of 3402348?
3
What is the thousands digit of 5374710?
4
What is the units digit of 18704308?
8
What is the ten thousands digit of 167532?
6
What is the thousands digit of 3674184?
4
What is the tens digit of 270853?
5
What is the tens digit of 13499695?
9
What is the ten thousands digit of 565783?
6
What is the units digit of 135526?
6
What is the ten thousands digit of 57116?
5
What is the tens digit of 251989?
8
What is the units digit of 402480?
0
What is the hundreds digit of 1736509?
5
What is the thousands digit of 767407?
7
What is the ten thousands digit of 8709380?
0
What is the tens digit of 996163?
6
What is the ten thousands digit of 20512?
2
What is the thousands digit of 344453?
4
What is the thousands digit of 793366?
3
What is the hundred thousands digit of 6530380?
5
What is the hundreds digit of 457701?
7
What is the hundreds digit of 62523?
5
What is the tens digit of 2598501?
0
What is the thousands digit of 12209111?
9
What is the tens digit of 480484?
8
What is the tens digit of 157636?
3
What is the thousands digit of 45311?
5
What is the millions digit of 5363970?
5
What is the units digit of 7202379?
9
What is the millions digit of 10037655?
0
What is the units digit of 18778979?
9
What is the ten thousands digit of 867691?
6
What is the hundreds digit of 495304?
3
What is the hundreds digit of 52604?
6
What is the ten millions digit of 19074537?
1
What is the units digit of 13943571?
1
What is the thousands digit of 406751?
6
What is the ten thousands digit of 616476?
1
What is the units digit of 146137?
7
What is the tens digit of 3429446?
4
What is the millions digit of 35684607?
5
What is the hundred thousands digit of 527457?
5
What is the units digit of 475515?
5
What is the tens digit of 57884?
8
What is the tens digit of 644764?
6
What is the ten thousands digit of 722150?
2
What is the units digit of 265874?
4
What is the hundreds digit of 148013?
0
What is the tens digit of 34764?
6
What is the units digit of 7076812?
2
What is the units digit of 15609045?
5
What is the ten thousands digit of 450657?
5
What is the tens digit of 13539736?
3
What is the tens digit of 9493109?
0
What is the tens digit of 970652?
5
What is the ten thousands digit of 73011?
7
What is the units digit of 116085?
5
What is the hundreds digit of 515492?
4
What is the tens digit of 11692301?
0
What is the tens digit of 364166?
6
What is the units digit of 7305?
5
What is the hundreds digit of 2388580?
5
What is the hundreds digit of 382108?
1
What is the thousands digit of 727632?
7
What is the ten thousands digit of 2582059?
8
What is the tens digit of 506881?
8
What is the ten thousands digit of 178264?
7
What is the hundreds digit of 75535?
5
What is the tens digit of 3757460?
6
What is the units digit of 149620?
0
What is the units digit of 181013?
3
What is the ten thousands digit of 4016685?
1
What is the thousands digit of 468871?
8
What is the ten thousands digit of 2549580?
4
What is the ten thousands digit of 310937?
1
What is the ten thousands digit of 320112?
2
What is the thousands digit of 678392?
8
What is the thousands digit of 335240?
5
What is the tens digit of 3509797?
9
What is the tens digit of 5013659?
5
What is the thousands digit of 3312674?
2
What is the hundreds digit of 458324?
3
What is the units digit of 19686388?
8
What is the hundreds digit of 3934768?
7
What is the tens digit of 503929?
2
What is the ten thousands digit of 597554?
9
What is the thousands digit of 208266?
8
What is the hundred thousands digit of 1829789?
8
What is the thousands digit of 2946800?
6
What is the hundreds digit of 771191?
1
What is the thousands digit of 280879?
0
What is the units digit of 1116400?
0
What is the hundreds digit of 40861?
8
What is the hundred thousands digit of 1091666?
0
What is the tens digit of 215878?
7
What is the hundreds digit of 115265?
2
What is the ten thousands digit of 2839065?
3
What is the thousands digit of 875947?
5
What is the ten thousands digit of 236735?
3
What is the hundred thousands digit of 156485?
1
What is the tens digit of 1414971?
7
What is the units digit of 31720?
0
What is the tens digit of 25680?
8
What is the ten millions digit of 13525494?
1
What is the hundred thousands digit of 718993?
7
What is the ten thousands digit of 1235127?
3
What is the hundred thousands digit of 1798539?
7
What is the tens digit of 27731?
3
What is the hundreds digit of 2259433?
4
What is the hundreds digit of 8312?
3
What is the ten thousands digit of 6321862?
2
What is the millions digit of 17317567?
7
What is the ten thousands digit of 1277765?
7
What is the units digit of 681948?
8
What is the millions digit of 7871762?
7
What is the thousands digit of 621085?
1
What is the thousands digit of 1065811?
5
What is the thousands digit of 9077014?
7
What is the units digit of 196649?
9
What is the units digit of 1014645?
5
What is the thousands digit of 14001417?
1
What is the hundred thousands digit of 248868?
2
What is the thousands digit of 2953488?
3
What is the tens digit of 4433746?
4
What is the tens digit of 1149662?
6
What is the units digit of 3885133?
3
What is the hundreds digit of 74586?
5
What is the thousands digit of 10372862?
2
What is the millions digit of 7047950?
7
What is the units digit of 19913342?
2
What is the ten thousands digit of 16218528?
1
What is the ten thousands digit of 829649?
2
What is the thousands digit of 15797958?
7
What is the millions digit of 11390405?
1
What is the hundred thousands digit of 1837192?
8
What is the hundred thousands digit of 2082508?
0
What is the millions digit of 3593749?
3
What is the tens digit of 26671?
7
What is the ten thousands digit of 2062996?
6
What is the hundreds digit of 396790?
7
What is the ten thousands digit of 725606?
2
What is the hundred thousa